 = -4*l + 831, 5*l - 773 = 2*i. What is the greatest common divisor of 255 and l?
51
Suppose 3*v - 3*x + 636 = 6*v, -x = 3*v - 628. What is the greatest common factor of v and 16?
16
Let r = -171 - -182. Calculate the highest common factor of r and 11.
11
Suppose 82 = -19*s + 614. What is the greatest common divisor of 16 and s?
4
Let i(q) = q**2 - 3*q - 3. Let u be i(6). Let n = 11 - u. Let j be 16 - n/((-16)/4). Calculate the highest common factor of j and 3.
3
Let a be ((-505)/10 + -4)*(-20 - 2). What is the greatest common factor of 11 and a?
11
Let a be (3 - -2) + (7 - 8/(-2)). Calculate the highest common divisor of a and 14.
2
Let y = 488 + -260. Suppose v + y = -5*z + 5*v, -2*z = v + 86. Let c = 20 - z. Calculate the greatest common factor of 16 and c.
16
Let c(k) = -4*k**3 - 11*k**2 - k + 3. Let w be c(-3). Calculate the greatest common factor of 3 and w.
3
Suppose 43 = 5*s - 42. Let g = -430 - -566. What is the greatest common factor of g and s?
17
Let r be -18 - -19 - 7/(7/(-384)). What is the greatest common factor of r and 70?
35
Let i(b) = b**2 + 23*b + 8. Let f be i(-25). Calculate the greatest common divisor of 899 and f.
29
Let y(r) = 4*r - 20. Let a be y(10). Let t = 112 + -72. What is the highest common divisor of a and t?
20
Let x = 63 - 59. Suppose -6*v + 91 = x*d - v, -3*v = -3*d + 75. Calculate the highest common divisor of d and 18.
6
Let p(a) = a**2 - 8*a + 5. Let x be p(9). Suppose -4*g - x = -26. Let r = -47 + 74. What is the highest common factor of r and g?
3
Suppose 5*c - 70 = 4*w, 4*w + 52 = 3*c + c. Let s(a) = -a**2 + 2*a + 2. Let o be s(0). What is the greatest common factor of o and c?
2
Let q be (3/1)/(-6 + 7). Suppose -20 = -4*i - q*b, 6*i + 4*b = 2*i + 24. Let m be (8/(-24))/(i/(-6)). Calculate the highest common factor of m and 2.
1
Suppose 3*m + 197 = -325. Let p = 405 + m. What is the greatest common divisor of p and 21?
21
Let o be (36/(-15))/((-22)/55). Let i be 202/(-4) - 1/(-2). Let y = o - i. Calculate the greatest common factor of 7 and y.
7
Let c be 4/(-6) + (-1)/3. Let d be ((-2)/(-3))/(c/(-12)). Calculate the highest common divisor of 24 and d.
8
Let v = 1146 - 1077. Calculate the highest common divisor of v and 12.
3
Let x(l) = -l**2 - 42*l - 96. Let p be x(-39). Calculate the greatest common factor of 315 and p.
21
Let p be 2/(-8) + (-642)/(-8). Suppose 5*z = 5*b + 10, b - 4*b = -2*z + 8. Let r be (-2)/(((-1)/(1/z))/(-10)). Calculate the greatest common factor of r and p.
10
Let u = 65 - 38. Suppose -4*b + 7*b + 5*s = 43, 5 = s. Suppose g = 3*g - b. What is the highest common divisor of u and g?
3
Let l be 2/(-8) + 38/(-8). Let h(i) = -13*i - 5. Let o be h(l). Let w(r) = -555*r - 8310. Let j be w(-15). Calculate the highest common divisor of j and o.
15
Let o(a) = -a**2 + 11*a - 4. Let x be o(7). Calculate the greatest common factor of 30 and x.
6
Let t = -740 + 796. Let x = 3 - 0. Suppose -31 - 11 = -x*n. What is the highest common divisor of n and t?
14
Let h be (-2 + 0 + 12)*1. Suppose 3*q - h = 8*q. Let o = 19 - q. What is the greatest common divisor of o and 105?
21
Let p = -66 + 78. Calculate the highest common divisor of 192 and p.
12
Suppose 12*y - 5*y = 182. What is the highest common factor of 858 and y?
26
Let r = -96 - -97. Let o be (53 - -7)/(3 - r). What is the highest common factor of 10 and o?
10
Let u be (3/(-9))/(1/(-5064)). What is the greatest common factor of 8 and u?
8
Let z = -356 - 38. Let u be 9/15 - z/10. Let f = -13 + u. What is the highest common divisor of f and 3?
3
Suppose d + 10*u = 5*u + 79, -4*u = d - 77. Let a = d - 61. What is the greatest common factor of a and 2?
2
Let k = -1337 - -1407. What is the greatest common divisor of k and 1750?
70
Let f be (11 - 9)/((-1)/(-65)). What is the greatest common divisor of f and 455?
65
Let y(a) = -a**3 - 3*a**2 + 9*a + 14. Let x be y(-5). What is the greatest common divisor of 3382 and x?
19
Let o be (-36)/(-12) + -2 + 1. Suppose -o*b + 3*b + 5*k - 12 = 0, 2*b - k = 13. Let c = 34 - b. What is the highest common divisor of 9 and c?
9
Suppose 3*j = j. Suppose c + c = -3*k - 6, -c + 3*k + 15 = j. Suppose 9 + c = 4*f. What is the greatest common divisor of 21 and f?
3
Let s be (52/8*2)/1. Suppose 4*n - s = 3*n. Calculate the greatest common divisor of 13 and n.
13
Let w = 25 - 19. Let s be 20/w*126/15. What is the highest common divisor of 308 and s?
28
Suppose l = -5*v + 3*l + 4960, v - 4*l = 992. Calculate the highest common factor of v and 96.
32
Let k be (-30)/45*(-1 + -29). Suppose -k = -2*z - 2*z. Suppose -2*l + 3*m + 19 = -5, z*m + 65 = 5*l. What is the greatest common factor of 120 and l?
15
Suppose 22 = 2*x + 4*d, -2 = -5*x - 5*d + 43. Let z be -5 - -4 - (1 - x). Let k(f) = 6*f - 6. Let t be k(z). Calculate the greatest common factor of 6 and t.
6
Let b(u) = -38*u - 9. Let v be b(-5). Let g = v + -73. Calculate the highest common factor of g and 27.
27
Suppose 7*t = 12*t. Let l be -1 + t + 90 + 1. Suppose o + 185 = 3*v - 4*o, 3*o = -3. What is the greatest common factor of l and v?
30
Let r be (1 - -1) + 1 + 45. Let p = 218 - 92. Let q be p/10 + (-27)/45. Calculate the greatest common divisor of r and q.
12
Let i be (-1)/3 - (-16)/3. Suppose 3*r + 43 = u, -3*u + 44*r - 49*r = -115. Calculate the highest common factor of i and u.
5
Let z(g) = 2*g**2 + 3*g + 1. Let b be z(-3). Suppose -5*j + 4*r = -150, 4*j - 4*r = 134 - 18. Let c = -24 + j. What is the greatest common divisor of b and c?
10
Let p be ((-54918)/(-99))/18 + 4/22. What is the greatest common factor of 3503 and p?
31
Let r = -692 + 895. What is the greatest common factor of r and 14?
7
Suppose -99 = 2*p + t, -p + 2*t - 23 = 24. Let f be 2/7 - 962/(-14). Let v = p + f. What is the greatest common factor of 50 and v?
10
Let i(b) be the third derivative of -29*b**4/24 - 49*b**3/6 + 15*b**2. Let o be i(-6). What is the greatest common factor of 50 and o?
25
Let w be 14/(-3)*(-1 - 47). Let d be 4*(-5)/(-20)*(-1 - -33). What is the greatest common divisor of w and d?
32
Let f(d) be the first derivative of d**4/2 - 11*d**3/3 - 2*d**2 + 4. Let z be f(6). Calculate the highest common divisor of z and 60.
12
Suppose 4*k + 958 = 5*m, 3*m = -k - 67 + 635. What is the greatest common divisor of m and 114?
38
Suppose -50 = -d - d. Suppose 0 = -4*a + m + 3*m + 40, 2*m - d = -3*a. What is the highest common factor of 6 and a?
3
Let z be 129 - 0 - 10/35*14. Calculate the greatest common divisor of 50 and z.
25
Let f be (12 - 0)/((-1)/(-5)). Let s be 36/30 + -1 + (-27)/(-15). Let d be ((-12)/(-14))/(s/14). What is the highest common factor of d and f?
6
Let j(p) = -p**3 - 3*p**2 + p - 8. Let f be j(-4). Suppose -15 = -f*t + t. Calculate the highest common divisor of 25 and t.
5
Suppose 7*h = -9*h + 1088. Calculate the highest common divisor of 85 and h.
17
Let a be 4 - (-1 + (-2)/(-2)). Let i be -4 - (3 + (-71 - -2)). Let c = -30 + i. What is the highest common factor of a and c?
4
Let g(i) = -2*i**3 - 9*i**2 - 16*i + 3. Let l be g(-6). What is the highest common factor of 45 and l?
9
Let s = -21 - -30. Suppose -s*r = -10*r + 2. Calculate the greatest common factor of 16 and r.
2
Suppose -2*m + 4 = -0. Suppose -2*c = -2*d + 106, m*c - 176 = -4*d - 3*c. Calculate the greatest common divisor of d and 7.
7
Let s be -4*(2 - (-55)/4). Let m = 92 + s. Let h(b) = 2*b**3 - 10*b**2 + 4*b + 8. Let q be h(7). Calculate the highest common divisor of m and q.
29
Suppose x - 3 - 10 = 2*j, 3*x = -5*j + 50. Let o(g) = -3*g + 23*g - 10*g - 11 + 4*g. Let w be o(4). Calculate the greatest common factor of x and w.
15
Let w(j) = j**3 + 41*j**2 - 4*j - 98. Let p be w(-41). Let v = 13 - 8. Let l = v - -1. Calculate the greatest common factor of l and p.
6
Let d be (-1)/((-1)/(-3)*3/(-4)). Let b be (d/5)/(((-42)/255)/(-7)). Calculate the greatest common divisor of 51 and b.
17
Suppose 5*g = -b + 9, -4*b + 4 = 4*g - 0*b. Let w be (-840)/(-45) - 2/3. What is the greatest common factor of w and g?
2
Suppose 0 = n - 5*n + 12. Suppose 739 = -0*y + n*y + 4*f, -2*f = -y + 263. Calculate the highest common divisor of 23 and y.
23
Let n = 40 - 38. Suppose l = 5*l + 4*v - 224, -4*l + 226 = n*v. Calculate the highest common factor of 38 and l.
19
Suppose 9*g - 4*t - 4048 = 5*g, g + 2*t - 1006 = 0.